{"id":102,"date":"2023-01-10T23:07:02","date_gmt":"2023-01-10T22:07:02","guid":{"rendered":"http:\/\/aktiv-gegen-antisemitismus.net\/?page_id=102"},"modified":"2023-01-10T23:15:27","modified_gmt":"2023-01-10T22:15:27","slug":"102-2","status":"publish","type":"page","link":"https:\/\/aktiv-gegen-antisemitismus.net\/?page_id=102","title":{"rendered":"Blog"},"content":{"rendered":"\n<p><\/p>\n\n\n\n<p><\/p>\n\n\n\n<div class=\"wp-block-columns is-layout-flex wp-container-core-columns-is-layout-9d6595d7 wp-block-columns-is-layout-flex\">\n<div class=\"wp-block-column is-layout-flow wp-block-column-is-layout-flow\" style=\"flex-basis:100%\">\n<div class=\"wp-block-group\"><div class=\"wp-block-group__inner-container is-layout-constrained wp-block-group-is-layout-constrained\">\n<div class=\"wp-block-query is-layout-flow wp-block-query-is-layout-flow\"><ul class=\"wp-block-post-template is-layout-flow wp-block-post-template-is-layout-flow\"><li class=\"wp-block-post post-548 post type-post status-publish format-standard hentry category-uncategorized\">\n<h2 class=\"wp-block-post-title\"><a href=\"https:\/\/aktiv-gegen-antisemitismus.net\/?p=548\" target=\"_self\" >Gedenkfeier f\u00fcr die Opfer des Nationalsozialismus<\/a><\/h2>\n\n\n\n<div class=\"wp-block-post-excerpt\"><p class=\"wp-block-post-excerpt__excerpt\">Am Dienstag, den 27. Januar 2026, um 18 Uhr l\u00e4dt die Evangelische Kirchengemeinde Velbert-Dalbecksbaum erneut zur j\u00e4hrlichen Gedenkfeier f\u00fcr die Opfer des Nationalsozialismus in die Apostelkirche, Wichernstra\u00dfe 1 in Velbert ein. In diesem Jahr wird an die Holocaust-\u00dcberlebende Margot Friedl\u00e4nder &hellip; Gedenkfeier f\u00fcr die Opfer des Nationalsozialismus Weiterlesen &raquo; <\/p><\/div>\n\n\n<hr class=\"wp-block-separator has-css-opacity\"\/>\n\n\n<div class=\"wp-block-post-date\"><time datetime=\"2026-01-24T12:55:49+01:00\">24. Januar 2026<\/time><\/div>\n\n\n<p><\/p>\n\n<\/li><li class=\"wp-block-post post-534 post type-post status-publish format-standard has-post-thumbnail hentry category-veranstaltung\">\n<h2 class=\"wp-block-post-title\"><a href=\"https:\/\/aktiv-gegen-antisemitismus.net\/?p=534\" target=\"_self\" >\u201eSeid Menschen\u201c &#8211; Gedenkveranstaltung am 09.11.2025 in Velbert<\/a><\/h2>\n\n<figure class=\"alignwide wp-block-post-featured-image\"><a href=\"https:\/\/aktiv-gegen-antisemitismus.net\/?p=534\" target=\"_self\"  ><img fetchpriority=\"high\" decoding=\"async\" width=\"1600\" height=\"1200\" src=\"https:\/\/aktiv-gegen-antisemitismus.net\/wp-content\/uploads\/2025\/11\/IMG_5599_red.jpg\" class=\"attachment-post-thumbnail size-post-thumbnail wp-post-image\" alt=\"\u201eSeid Menschen\u201c &#8211; Gedenkveranstaltung am 09.11.2025 in Velbert\" style=\"object-fit:cover;\" srcset=\"https:\/\/aktiv-gegen-antisemitismus.net\/wp-content\/uploads\/2025\/11\/IMG_5599_red.jpg 1600w, https:\/\/aktiv-gegen-antisemitismus.net\/wp-content\/uploads\/2025\/11\/IMG_5599_red-300x225.jpg 300w, https:\/\/aktiv-gegen-antisemitismus.net\/wp-content\/uploads\/2025\/11\/IMG_5599_red-1024x768.jpg 1024w, https:\/\/aktiv-gegen-antisemitismus.net\/wp-content\/uploads\/2025\/11\/IMG_5599_red-768x576.jpg 768w, https:\/\/aktiv-gegen-antisemitismus.net\/wp-content\/uploads\/2025\/11\/IMG_5599_red-1536x1152.jpg 1536w, https:\/\/aktiv-gegen-antisemitismus.net\/wp-content\/uploads\/2025\/11\/IMG_5599_red-100x75.jpg 100w, https:\/\/aktiv-gegen-antisemitismus.net\/wp-content\/uploads\/2025\/11\/IMG_5599_red-150x113.jpg 150w, https:\/\/aktiv-gegen-antisemitismus.net\/wp-content\/uploads\/2025\/11\/IMG_5599_red-200x150.jpg 200w, https:\/\/aktiv-gegen-antisemitismus.net\/wp-content\/uploads\/2025\/11\/IMG_5599_red-450x338.jpg 450w, https:\/\/aktiv-gegen-antisemitismus.net\/wp-content\/uploads\/2025\/11\/IMG_5599_red-600x450.jpg 600w, https:\/\/aktiv-gegen-antisemitismus.net\/wp-content\/uploads\/2025\/11\/IMG_5599_red-900x675.jpg 900w\" sizes=\"(max-width: 1600px) 100vw, 1600px\" \/><\/a><\/figure>\n\n<div class=\"wp-block-post-excerpt\"><p class=\"wp-block-post-excerpt__excerpt\">Zum Gedenken an die Opfer der Pogrome des 09. Novembers 1938 waren \u00fcber 50 Teilnehmer der Einladung des B\u00fcndnisses in das Forum gefolgt. Als Vertreter des erkrankten B\u00fcrgermeisters Lukrafka zitierte sein Vertreter der neugew\u00e4hlte erste stellvertretende B\u00fcrgermeister Nico Schmidt den &hellip; \u201eSeid Menschen\u201c &#8211; Gedenkveranstaltung am 09.11.2025 in Velbert Weiterlesen &raquo; <\/p><\/div>\n\n\n<hr class=\"wp-block-separator has-css-opacity\"\/>\n\n\n<div class=\"wp-block-post-date\"><time datetime=\"2025-11-14T12:44:07+01:00\">14. November 2025<\/time><\/div>\n\n\n<p><\/p>\n\n<\/li><li class=\"wp-block-post post-522 post type-post status-publish format-standard has-post-thumbnail hentry category-veranstaltung\">\n<h2 class=\"wp-block-post-title\"><a href=\"https:\/\/aktiv-gegen-antisemitismus.net\/?p=522\" target=\"_self\" >Gedenkveranstaltung am 09.11.2025<\/a><\/h2>\n\n<figure class=\"alignwide wp-block-post-featured-image\"><a href=\"https:\/\/aktiv-gegen-antisemitismus.net\/?p=522\" target=\"_self\"  ><img decoding=\"async\" width=\"2000\" height=\"1354\" src=\"https:\/\/aktiv-gegen-antisemitismus.net\/wp-content\/uploads\/2025\/10\/the-new-york-public-library-_atmac_wxyQ-unsplash_red.jpg\" class=\"attachment-post-thumbnail size-post-thumbnail wp-post-image\" alt=\"Gedenkveranstaltung am 09.11.2025\" style=\"object-fit:cover;\" srcset=\"https:\/\/aktiv-gegen-antisemitismus.net\/wp-content\/uploads\/2025\/10\/the-new-york-public-library-_atmac_wxyQ-unsplash_red.jpg 2000w, https:\/\/aktiv-gegen-antisemitismus.net\/wp-content\/uploads\/2025\/10\/the-new-york-public-library-_atmac_wxyQ-unsplash_red-300x203.jpg 300w, https:\/\/aktiv-gegen-antisemitismus.net\/wp-content\/uploads\/2025\/10\/the-new-york-public-library-_atmac_wxyQ-unsplash_red-1024x693.jpg 1024w, https:\/\/aktiv-gegen-antisemitismus.net\/wp-content\/uploads\/2025\/10\/the-new-york-public-library-_atmac_wxyQ-unsplash_red-768x520.jpg 768w, https:\/\/aktiv-gegen-antisemitismus.net\/wp-content\/uploads\/2025\/10\/the-new-york-public-library-_atmac_wxyQ-unsplash_red-1536x1040.jpg 1536w, https:\/\/aktiv-gegen-antisemitismus.net\/wp-content\/uploads\/2025\/10\/the-new-york-public-library-_atmac_wxyQ-unsplash_red-100x68.jpg 100w, https:\/\/aktiv-gegen-antisemitismus.net\/wp-content\/uploads\/2025\/10\/the-new-york-public-library-_atmac_wxyQ-unsplash_red-150x102.jpg 150w, https:\/\/aktiv-gegen-antisemitismus.net\/wp-content\/uploads\/2025\/10\/the-new-york-public-library-_atmac_wxyQ-unsplash_red-200x135.jpg 200w, https:\/\/aktiv-gegen-antisemitismus.net\/wp-content\/uploads\/2025\/10\/the-new-york-public-library-_atmac_wxyQ-unsplash_red-450x305.jpg 450w, https:\/\/aktiv-gegen-antisemitismus.net\/wp-content\/uploads\/2025\/10\/the-new-york-public-library-_atmac_wxyQ-unsplash_red-600x406.jpg 600w, https:\/\/aktiv-gegen-antisemitismus.net\/wp-content\/uploads\/2025\/10\/the-new-york-public-library-_atmac_wxyQ-unsplash_red-900x609.jpg 900w\" sizes=\"(max-width: 2000px) 100vw, 2000px\" \/><\/a><\/figure>\n\n<div class=\"wp-block-post-excerpt\"><p class=\"wp-block-post-excerpt__excerpt\">Das Velberter B\u00fcndnis \u201eAktiv gegen Antisemitismus\u201c l\u00e4dt ein zu einer Gedenkveranstaltung am 09.11.2025 um 10 Uhr in das Forum Velbert, Saal Corby. Nach der Einf\u00fchrung durch B\u00fcrgermeister Dirk Lukrafka und weiteren Wortbeitr\u00e4gen durch B\u00fcndnisvertreter bzw. Sch\u00fcler\/innen der Gesamtschule Velbert wird &hellip; Gedenkveranstaltung am 09.11.2025 Weiterlesen &raquo; <\/p><\/div>\n\n\n<hr class=\"wp-block-separator has-css-opacity\"\/>\n\n\n<div class=\"wp-block-post-date\"><time datetime=\"2025-10-28T18:02:18+01:00\">28. Oktober 2025<\/time><\/div>\n\n\n<p><\/p>\n\n<\/li><\/ul><\/div>\n<\/div><\/div>\n<\/div>\n<\/div>\n","protected":false},"excerpt":{"rendered":"","protected":false},"author":1,"featured_media":0,"parent":0,"menu_order":0,"comment_status":"closed","ping_status":"closed","template":"","meta":{"footnotes":""},"class_list":["post-102","page","type-page","status-publish","hentry"],"_links":{"self":[{"href":"https:\/\/aktiv-gegen-antisemitismus.net\/index.php?rest_route=\/wp\/v2\/pages\/102","targetHints":{"allow":["GET"]}}],"collection":[{"href":"https:\/\/aktiv-gegen-antisemitismus.net\/index.php?rest_route=\/wp\/v2\/pages"}],"about":[{"href":"https:\/\/aktiv-gegen-antisemitismus.net\/index.php?rest_route=\/wp\/v2\/types\/page"}],"author":[{"embeddable":true,"href":"https:\/\/aktiv-gegen-antisemitismus.net\/index.php?rest_route=\/wp\/v2\/users\/1"}],"replies":[{"embeddable":true,"href":"https:\/\/aktiv-gegen-antisemitismus.net\/index.php?rest_route=%2Fwp%2Fv2%2Fcomments&post=102"}],"version-history":[{"count":5,"href":"https:\/\/aktiv-gegen-antisemitismus.net\/index.php?rest_route=\/wp\/v2\/pages\/102\/revisions"}],"predecessor-version":[{"id":112,"href":"https:\/\/aktiv-gegen-antisemitismus.net\/index.php?rest_route=\/wp\/v2\/pages\/102\/revisions\/112"}],"wp:attachment":[{"href":"https:\/\/aktiv-gegen-antisemitismus.net\/index.php?rest_route=%2Fwp%2Fv2%2Fmedia&parent=102"}],"curies":[{"name":"wp","href":"https:\/\/api.w.org\/{rel}","templated":true}]}}

<p></p>



<p></p>



<div class="wp-block-columns is-layout-flex wp-container-core-columns-is-layout-9d6595d7 wp-block-columns-is-layout-flex">
<div class="wp-block-column is-layout-flow wp-block-column-is-layout-flow" style="flex-basis:100%">
<div class="wp-block-group"><div class="wp-block-group__inner-container is-layout-constrained wp-block-group-is-layout-constrained">
<div class="wp-block-query is-layout-flow wp-block-query-is-layout-flow"><ul class="wp-block-post-template is-layout-flow wp-block-post-template-is-layout-flow"><li class="wp-block-post post-548 post type-post status-publish format-standard hentry category-uncategorized">
<h2 class="wp-block-post-title"><a href="https://aktiv-gegen-antisemitismus.net/?p=548" target="_self" >Gedenkfeier für die Opfer des Nationalsozialismus</a></h2>



<div class="wp-block-post-excerpt"><p class="wp-block-post-excerpt__excerpt">Am Dienstag, den 27. Januar 2026, um 18 Uhr lädt die Evangelische Kirchengemeinde Velbert-Dalbecksbaum erneut zur jährlichen Gedenkfeier für die Opfer des Nationalsozialismus in die Apostelkirche, Wichernstraße 1 in Velbert ein. In diesem Jahr wird an die Holocaust-Überlebende Margot Friedländer &hellip; Gedenkfeier für die Opfer des Nationalsozialismus Weiterlesen &raquo; </p></div>


<hr class="wp-block-separator has-css-opacity"/>


<div class="wp-block-post-date"><time datetime="2026-01-24T12:55:49+01:00">24. Januar 2026</time></div>


<p></p>

</li><li class="wp-block-post post-534 post type-post status-publish format-standard has-post-thumbnail hentry category-veranstaltung">
<h2 class="wp-block-post-title"><a href="https://aktiv-gegen-antisemitismus.net/?p=534" target="_self" >„Seid Menschen“ &#8211; Gedenkveranstaltung am 09.11.2025 in Velbert</a></h2>

<figure class="alignwide wp-block-post-featured-image"><a href="https://aktiv-gegen-antisemitismus.net/?p=534" target="_self"  ><img fetchpriority="high" decoding="async" width="1600" height="1200" src="https://aktiv-gegen-antisemitismus.net/wp-content/uploads/2025/11/IMG_5599_red.jpg" class="attachment-post-thumbnail size-post-thumbnail wp-post-image" alt="„Seid Menschen“ &#8211; Gedenkveranstaltung am 09.11.2025 in Velbert" style="object-fit:cover;" srcset="https://aktiv-gegen-antisemitismus.net/wp-content/uploads/2025/11/IMG_5599_red.jpg 1600w, https://aktiv-gegen-antisemitismus.net/wp-content/uploads/2025/11/IMG_5599_red-300x225.jpg 300w, https://aktiv-gegen-antisemitismus.net/wp-content/uploads/2025/11/IMG_5599_red-1024x768.jpg 1024w, https://aktiv-gegen-antisemitismus.net/wp-content/uploads/2025/11/IMG_5599_red-768x576.jpg 768w, https://aktiv-gegen-antisemitismus.net/wp-content/uploads/2025/11/IMG_5599_red-1536x1152.jpg 1536w, https://aktiv-gegen-antisemitismus.net/wp-content/uploads/2025/11/IMG_5599_red-100x75.jpg 100w, https://aktiv-gegen-antisemitismus.net/wp-content/uploads/2025/11/IMG_5599_red-150x113.jpg 150w, https://aktiv-gegen-antisemitismus.net/wp-content/uploads/2025/11/IMG_5599_red-200x150.jpg 200w, https://aktiv-gegen-antisemitismus.net/wp-content/uploads/2025/11/IMG_5599_red-450x338.jpg 450w, https://aktiv-gegen-antisemitismus.net/wp-content/uploads/2025/11/IMG_5599_red-600x450.jpg 600w, https://aktiv-gegen-antisemitismus.net/wp-content/uploads/2025/11/IMG_5599_red-900x675.jpg 900w" sizes="(max-width: 1600px) 100vw, 1600px" /></a></figure>

<div class="wp-block-post-excerpt"><p class="wp-block-post-excerpt__excerpt">Zum Gedenken an die Opfer der Pogrome des 09. Novembers 1938 waren über 50 Teilnehmer der Einladung des Bündnisses in das Forum gefolgt. Als Vertreter des erkrankten Bürgermeisters Lukrafka zitierte sein Vertreter der neugewählte erste stellvertretende Bürgermeister Nico Schmidt den &hellip; „Seid Menschen“ &#8211; Gedenkveranstaltung am 09.11.2025 in Velbert Weiterlesen &raquo; </p></div>


<hr class="wp-block-separator has-css-opacity"/>


<div class="wp-block-post-date"><time datetime="2025-11-14T12:44:07+01:00">14. November 2025</time></div>


<p></p>

</li><li class="wp-block-post post-522 post type-post status-publish format-standard has-post-thumbnail hentry category-veranstaltung">
<h2 class="wp-block-post-title"><a href="https://aktiv-gegen-antisemitismus.net/?p=522" target="_self" >Gedenkveranstaltung am 09.11.2025</a></h2>

<figure class="alignwide wp-block-post-featured-image"><a href="https://aktiv-gegen-antisemitismus.net/?p=522" target="_self"  ><img decoding="async" width="2000" height="1354" src="https://aktiv-gegen-antisemitismus.net/wp-content/uploads/2025/10/the-new-york-public-library-_atmac_wxyQ-unsplash_red.jpg" class="attachment-post-thumbnail size-post-thumbnail wp-post-image" alt="Gedenkveranstaltung am 09.11.2025" style="object-fit:cover;" srcset="https://aktiv-gegen-antisemitismus.net/wp-content/uploads/2025/10/the-new-york-public-library-_atmac_wxyQ-unsplash_red.jpg 2000w, https://aktiv-gegen-antisemitismus.net/wp-content/uploads/2025/10/the-new-york-public-library-_atmac_wxyQ-unsplash_red-300x203.jpg 300w, https://aktiv-gegen-antisemitismus.net/wp-content/uploads/2025/10/the-new-york-public-library-_atmac_wxyQ-unsplash_red-1024x693.jpg 1024w, https://aktiv-gegen-antisemitismus.net/wp-content/uploads/2025/10/the-new-york-public-library-_atmac_wxyQ-unsplash_red-768x520.jpg 768w, https://aktiv-gegen-antisemitismus.net/wp-content/uploads/2025/10/the-new-york-public-library-_atmac_wxyQ-unsplash_red-1536x1040.jpg 1536w, https://aktiv-gegen-antisemitismus.net/wp-content/uploads/2025/10/the-new-york-public-library-_atmac_wxyQ-unsplash_red-100x68.jpg 100w, https://aktiv-gegen-antisemitismus.net/wp-content/uploads/2025/10/the-new-york-public-library-_atmac_wxyQ-unsplash_red-150x102.jpg 150w, https://aktiv-gegen-antisemitismus.net/wp-content/uploads/2025/10/the-new-york-public-library-_atmac_wxyQ-unsplash_red-200x135.jpg 200w, https://aktiv-gegen-antisemitismus.net/wp-content/uploads/2025/10/the-new-york-public-library-_atmac_wxyQ-unsplash_red-450x305.jpg 450w, https://aktiv-gegen-antisemitismus.net/wp-content/uploads/2025/10/the-new-york-public-library-_atmac_wxyQ-unsplash_red-600x406.jpg 600w, https://aktiv-gegen-antisemitismus.net/wp-content/uploads/2025/10/the-new-york-public-library-_atmac_wxyQ-unsplash_red-900x609.jpg 900w" sizes="(max-width: 2000px) 100vw, 2000px" /></a></figure>

<div class="wp-block-post-excerpt"><p class="wp-block-post-excerpt__excerpt">Das Velberter Bündnis „Aktiv gegen Antisemitismus“ lädt ein zu einer Gedenkveranstaltung am 09.11.2025 um 10 Uhr in das Forum Velbert, Saal Corby. Nach der Einführung durch Bürgermeister Dirk Lukrafka und weiteren Wortbeiträgen durch Bündnisvertreter bzw. Schüler/innen der Gesamtschule Velbert wird &hellip; Gedenkveranstaltung am 09.11.2025 Weiterlesen &raquo; </p></div>


<hr class="wp-block-separator has-css-opacity"/>


<div class="wp-block-post-date"><time datetime="2025-10-28T18:02:18+01:00">28. Oktober 2025</time></div>


<p></p>

</li></ul></div>
</div></div>
</div>
</div>
